 t(s) = s. Let u(w) = d(w) + 6*t(w). Let v be u(2). Suppose 3*o - o - 18 = v. Calculate the remainder when o is divided by 3.
0
Let b(u) = u + 5. Let v be b(5). Suppose v*g - 15*g = -50. Suppose -g = -7*i + 4. Calculate the remainder when 2 is divided by i.
0
Suppose 419*x - 23506 = -92*x. Calculate the remainder when 148/(-1 + (3 - 1)) is divided by x.
10
Suppose 1251*a + 517 = 1284*a - 110. Suppose 0 = o + 3*o - 168. Calculate the remainder when o is divided by a.
4
Suppose 125*o - n = 130*o - 383, 0 = 5*o + 2*n - 391. Calculate the remainder when 3067 is divided by o.
67
Let p = -3727 + 3751. What is the remainder when 99 is divided by p?
3
Suppose -4*y + 150 = y. Suppose 0 = -15*v + 13*v. Calculate the remainder when 116 + 6 + (-5 - v) is divided by y.
27
Let k = -3514 - -3667. Calculate the remainder when 1372 is divided by k.
148
Let u(a) = -37*a + 17. What is the remainder when 636 is divided by u(-2)?
90
Suppose 370*j = -40*j + 49*j + 134292. Calculate the remainder when 375 is divided by j.
3
Let y(c) = c**3 - 33*c**2 + 269*c + 29. What is the remainder when 549 is divided by y(18)?
10
Let x = -672 - -776. What is the remainder when 1767 is divided by x?
103
Let v(m) = 705*m**2 + 1. Let h be v(-1). Suppose 3*q + 2*w = h, 5*q - 2*w - 1135 = 3*w. What is the remainder when (q/(-20) + 4)/(4/(-10)) is divided by 8?
3
Suppose 8061*a - 51184 = 8033*a. Calculate the remainder when a is divided by 10.
8
Let x = -12 - -31. Calculate the remainder when 6/(-4)*22656/(-531) is divided by x.
7
Suppose 12*y - 13*y - 621 = -2*s, 9*s - 2812 = y. What is the remainder when s is divided by 8?
1
Suppose -5*y = -2*y - 162. Suppose -1902 = -9*v + 15. Calculate the remainder when v is divided by y.
51
Let h be 10446/(-11) + (-68)/187. Let g = h + 984. What is the remainder when 94 is divided by g?
26
Let s = 1325 - 1276. What is the remainder when 145 is divided by s?
47
Let n = -3872 - -3879. Calculate the remainder when 673 is divided by n.
1
What is the remainder when (403/13 - 6)*2 is divided by 13?
11
Let c(f) = -11*f + 327. Let b be c(25). Let v = 66 - b. Calculate the remainder when 180 is divided by v.
12
Suppose 125*u - 103*u = 242. What is the remainder when u is divided by 2?
1
Suppose -38 + 98 = 5*t. Let r be 6/(-8) + t/16. Suppose 2*v = -2*j + 38, 4*v + 3*j - 33 - 39 = r. Calculate the remainder when v is divided by 4.
3
Suppose -i = 2*m + 4 - 2, -4*m = -5*i + 60. Let s(z) = 39*z + 24. What is the remainder when s(2) is divided by i?
6
Let l = 4335 - 4276. What is the remainder when 3303 is divided by l?
58
Let d = -8458 + 8498. Let z = 214 + -135. What is the remainder when z is divided by d?
39
What is the remainder when 739 is divided by (87/(-116))/(26/16 - 2) + 16?
1
Let p be 65923/91 - (-3)/(-7). Let v = p + -667. Calculate the remainder when 453 is divided by v.
54
Suppose 180*t - 1357 = 177*t - 5*j, -5*t - 2*j + 2249 = 0. What is the remainder when 458 is divided by t?
9
Let d be ((-18)/30)/((-2)/10). Suppose -5*g - 26 = -5*p - 611, -5*p + 383 = d*g. What is the remainder when g is divided by 25?
21
Let d = -85 + 117. Let l be ((-40)/25)/(-4) + (-166)/(-10). Suppose 68 - l = 3*j. Calculate the remainder when d is divided by j.
15
Let s(i) = 4*i**2 - 241*i - 265. What is the remainder when 2478 is divided by s(70)?
13
Let l(v) = -12*v + 18. Suppose 3*d - 42 = -27. Calculate the remainder when (-15)/d + 94 + 0 + -3 is divided by l(-1).
28
Suppose -992 = 50*q - 54*q. What is the remainder when q is divided by 80?
8
Let h = -267 + 371. Calculate the remainder when 683 is divided by h.
59
Let k = 169 + -142. What is the remainder when 2885 is divided by k?
23
Let f = -194 - -293. Suppose 2*u + 3*u - l - 183 = 0, -3*l - 45 = -u. Calculate the remainder when f is divided by u.
27
Let j = -16503 + 16708. Calculate the remainder when 1309 is divided by j.
79
Let n = 16 + 5. Let h be 63/((n/(-2))/(-7)). Let r = -33 + h. Calculate the remainder when 15 is divided by r.
6
Let l = 883 + -397. Suppose 0 = -11*q + l + 152. Calculate the remainder when q is divided by 20.
18
Let h be 39 + 89 + (0 - -6). Let a = h + -103. Calculate the remainder when a is divided by (-22)/(1 + -5 - -2).
9
Suppose 0 = -m - 2*a + 20, 124*a - 126*a + 8 = 0. Calculate the remainder when m is divided by 12.
0
Suppose -2*n + 3*b + 6 = 5*b, 0 = -4*n + 5*b + 21. Let f be (-148)/(-52) + n/26. Let l = 13 + f. What is the remainder when 143 is divided by l?
15
Suppose -11*x = 175*x - 505808 - 168442. What is the remainder when x is divided by 37?
36
Suppose 4*j + 4*m = 292, 0*m + 2 = -m. Calculate the remainder when j is divided by (11/3)/((-133)/(-798)) + 0.
9
Suppose -290*u = 262*u - 18*u - 33108. Suppose 5*x - 111 = x + 3*y, 85 = 3*x - 4*y. What is the remainder when u is divided by x?
8
Let y = 1594 - 1594. Let q(w) = 28 + w**3 + 0*w**3 + 2*w - 2. What is the remainder when 75 is divided by q(y)?
23
Let r = 308 + -210. Calculate the remainder when r is divided by 102968/1899 + (-8)/36.
44
Suppose -116*a + 25112 + 12548 = -13844. Calculate the remainder when a is divided by 26.
2
Let d be (92 + 0 + -10)/((-1)/(-6)). Let q = d + -469. Calculate the remainder when 574 is divided by q.
22
What is the remainder when ((-961)/(-31) - 19)*(-50)/(-6) is divided by 22?
12
Let f(t) = 3*t**2 - 21*t - 3. What is the remainder when f(10) is divided by 3/(18/93)*2?
25
What is the remainder when 4339 is divided by 5/((-60)/(-344))*-11*(-39)/286?
39
Let k = -4922 - -4937. Calculate the remainder when 441 is divided by k.
6
Let b = -75 - -308. Suppose 0 = 15*g - b - 307. Calculate the remainder when g is divided by 21.
15
Let t = 285 + -261. Suppose 4259 = t*k - 1357. Calculate the remainder when k is divided by 34.
30
Suppose -4*i - 5*z + 75 + 28 = 0, 0 = -3*i - z + 91. Suppose 17*v = 1111 + 810. Calculate the remainder when v is divided by i.
17
Suppose -61 = -2*t - k, -t - k = -9*t + 219. Calculate the remainder when 220 is divided by t.
24
Suppose -14327 = -34*o - 3753. Suppose 0 = w + 4, -5*k + 3*w + o = 4*w. What is the remainder when 251 is divided by k?
62
Suppose -4*h + 88 = -12*h. Let u(x) = x**3 + 12*x**2 + 4*x - 71. Calculate the remainder when (15/(-4))/(-1)*4 is divided by u(h).
3
Let s(f) = f**3 - 26*f**2 - 18*f - 57. Suppose 0 = -5*p + 2*y + 295 + 161, 0 = 2*y + 6. Calculate the remainder when s(27) is divided by p.
6
Suppose 5*y - 111 = q, y - 15*q = -10*q + 27. What is the remainder when 637 is divided by y?
21
Suppose 2*c - 5*j = 7018, 5777 + 4825 = 3*c + 5*j. What is the remainder when c is divided by 41?
39
Let r = -8 - -14. Let m = -61 + 74. What is the remainder when r/(-9)*(-141)/2 is divided by m?
8
Let x be (1281/(-5))/(5 + (-126)/25). Calculate the remainder when 179 is divided by x/70 + (-1)/2.
88
Let l(z) = -4*z**2 - 85*z - 16. Let a be l(-21). Suppose 0 = a*d + j - 65, 10 = -3*j - 5. Calculate the remainder when 27 is divided by d.
13
Let p be (6/(-9))/(2/51). Let o = p - -23. Suppose -5*m + 25 = -2*b, -15 = -3*m - 2*b + 4*b. What is the remainder when o is divided by m?
1
Let v(n) = 54*n + 12. Calculate the remainder when v(16) is divided by 22.
18
Let d = 251 + -288. Let p(z) = -z**2 - 42*z - 84. Calculate the remainder when p(d) is divided by 43.
15
Suppose 5*s = -2*y + 5, -3*y - s + 9 = -y. Let q(r) = r**3 - 4*r**2 + 19*r - 6. Calculate the remainder when q(y) is divided by 7.
2
Let m be 1*4 - (-8 - -6). Suppose -m*q + 244 = -170. Let g = q + -63. What is the remainder when 29 is divided by g?
5
Suppose r + 14 = 4*v - 2*v, -3*v + 3*r + 21 = 0. Suppose -5*k = -3*s + v*s - 36, -4*k = -5*s + 45. What is the remainder when 26 is divided by s?
8
Suppose -m - 2*o + 817 = -1695, 4*o = -16. Calculate the remainder when m is divided by 29.
26
Suppose -2*t - 10 + 22 = 0. Suppose -3*k - t = f + 2*f, -2*f - 5*k - 7 = 0. What is the remainder when (1 + -2)/f + (7 - -100) is divided by 28?
24
Let p = 13 + 31. What is the remainder when (20/8)/(75/(-78) - -1) is divided by ((-18)/(-36))/(2/p)?
10
Let g be 38*(-4)/(-28) + 3/(-7). Suppose -106 = -j + 5*r, 2*j = g*r - 11 + 198. Let p = j + -59. Calculate the remainder when 85 is divided by p.
19
Suppose -2*w + 21 + 25 = 0. What is the remainder when 6*(9/(-21) - 4686/(-252)) is divided by w?
17
Let f(v) = 68*v - 515. Calcu